me factors of b?
2, 7
Suppose -13*p = -32*p + 25289. Let x = -626 + p. What are the prime factors of x?
3, 5, 47
List the prime factors of 3696*(6223/1715 + (-1)/5).
2, 3, 11
List the prime factors of (-108)/(-729)*3 + (-308440)/(-18).
2, 3, 7, 17
Let l(w) = -w + 18. Let y be 0 - (-1 + (-22)/2). Let z be l(y). List the prime factors of 656/6 - (-4)/z.
2, 5, 11
Let j(u) = 320*u - 2020. What are the prime factors of j(31)?
2, 5, 79
Suppose 5*o = -5*l + 805, -7*o + 645 = -3*o + 3*l. Suppose -5*u + 269 = -7*s + 3*s, -3*u + 3*s = -o. What are the prime factors of u?
53
Suppose 1067*f = 1070*f. Suppose 5*g - 25 = f, w = 2*g + 2*g + 122. List the prime factors of w.
2, 71
Suppose 3733 = 50*z - 49*z - 2*k, -7439 = -2*z - 5*k. List the prime factors of z.
3727
Let i = -16 + 16. Let x be 34/8 + 2/(-8). Suppose 3*r + 291 = 2*m + m, x*m + r - 398 = i. What are the prime factors of m?
3, 11
Let p(l) = l**3 + 4*l**2 - l - 3. Let j be p(-4). What are the prime factors of (-403)/((-1 + 0/(-3))*j)?
13, 31
Suppose -2*x - 2*u + 550 = -0*x, -4*x = u - 1106. Suppose -11*n + x + 130 = 0. List the prime factors of n.
37
List the prime factors of (0 - (-46122)/(-4))*552/(-207).
2, 7687
Let o = -579 + 601. Suppose -13*s + o*s = 4239. List the prime factors of s.
3, 157
Let p = 630 + -313. Let o(d) = -d**2 + 59*d + 118. Let x be o(64). Let g = x + p. What are the prime factors of g?
5, 23
Let h = 339 + -332. Suppose h*o - 3*o + 4330 = 5*t, t + o - 866 = 0. What are the prime factors of t?
2, 433
List the prime factors of 217746/26 + (-14 - 2024/(-143)).
5, 67
Let m(c) = 32*c - 4. Let x be m(1). List the prime factors of 0/x + 182 + 1.
3, 61
Suppose -4*p + 19*w = 21*w - 121166, -30284 = -p - 3*w. What are the prime factors of p?
30293
Let f = 2134 + 9062. List the prime factors of f.
2, 3, 311
Let a be (-1 - (-5001)/(-9))*204/(-85). Suppose -a = -7*q + 862. What are the prime factors of q?
2, 157
Let h = 73 - -3508. What are the prime factors of h?
3581
Let h(k) = -k + 9. Let w be h(4). Suppose 7 + w = 12*j. List the prime factors of (76 - 0/(-4)) + (-1 - j).
2, 37
Let n = -22 - -19. What are the prime factors of ((-9)/1 - n)/(8/(-1132))?
3, 283
Let s(n) = 4 - 246*n + 176*n + 32. List the prime factors of s(-6).
2, 3, 19
Let i = -29929 - -46317. What are the prime factors of i?
2, 17, 241
Let d(w) = -w - 2. Let m(l) = -94*l - 47. Let v(t) = 2*d(t) - m(t). What are the prime factors of v(7)?
3, 229
Let o(d) = d**3 + 23*d**2 + 15*d - 22. Let r be o(-22). Let s = r - 28. What are the prime factors of s?
2, 13
Let w = -10424 + 12216. List the prime factors of w.
2, 7
Let g(a) = -a**3 + 18*a**2 - 14*a - 30. Suppose 0*i + 85 = 5*i. Let p be g(i). Suppose 3*q = 3*y - p, -5*q + 27 = 2*y + 6. List the prime factors of y.
2
Let v be (165/(-22))/(1/(-26)). Suppose 7*y - 939 = 2*y + 2*c, 0 = y + 2*c - v. What are the prime factors of y?
3, 7
Suppose -2*m + 174300 = -78*s + 75*s, -4*m + 4*s = -348596. List the prime factors of m.
3, 23, 421
Let q(r) be the first derivative of r**2/2 + 27*r - 7. Let t be q(-14). Let k = t + 5. List the prime factors of k.
2, 3
Let n(f) be the first derivative of f**4/4 + 4*f**3/3 - 8*f**2 - 15*f - 201. Suppose 3*i + 1 + 17 = 0. List the prime factors of n(i).
3
Let z(j) = -2*j + 13. Let m be z(6). Let w(b) = b + 1. Let a(q) = -3*q - 3. Let t(n) = m*a(n) + 5*w(n). List the prime factors of t(6).
2, 7
Let i(a) = 2*a + 3*a + 0*a + 200*a**2 - 2*a. Let r be i(-1). List the prime factors of r - -3*(-4 - 64/(-12)).
3, 67
Let b be 2 - 56/(-6) - (-4)/6. Let m = b + -12. Suppose 5*j + 280 = 3*l - 31, m = 5*l - 4*j - 514. List the prime factors of l.
2, 3, 17
Suppose -72 + 116 = 22*m. Suppose 2*u = 2*j - j + 1068, 2*u - 1066 = m*j. List the prime factors of u.
5, 107
Suppose -4*v - l = -28748, 4*l + 7187 = -34*v + 35*v. List the prime factors of v.
7187
Let w(q) = 362*q + 282. What are the prime factors of w(7)?
2, 11
Let r(q) = 30*q**2 - 12*q - 1. Let u = 121 - 119. List the prime factors of r(u).
5, 19
Let n = -92 + 98. Suppose -n*o - 4 = 50. What are the prime factors of (2 + (-3)/o)*39?
7, 13
Suppose -3*p = 5*y - 230793, 116871 = 3*p - 2*y - 113922. What are the prime factors of p?
19, 4049
What are the prime factors of ((-51)/(-18))/((-5)/(-5970))?
17, 199
Suppose -32*q - 76646 = -51*q. List the prime factors of q.
2, 2017
Let f = -704 - -1067. What are the prime factors of f?
3, 11
Let o = 17707 - 8483. List the prime factors of o.
2, 1153
Let b(v) = -8*v - 23. Suppose 13*s - 10*s = 0. Suppose -12 = u - 4*d, s = u - 2*d - 0*d + 12. What are the prime factors of b(u)?
73
Let c(a) = -4*a + 26. Let v be c(5). Let i be 477/5 + 32/(-5) + v. Let l = i + -1. List the prime factors of l.
2, 47
Suppose 0 = -32*x - 66*x + 1212656 + 3848064. List the prime factors of x.
2, 5, 1291
Suppose o + 961 = -l - 3*l, o = 2*l - 949. Let v = 1613 + o. List the prime factors of v.
2, 3, 5, 11
Let a = -118 - -90. Let y = 342 + -144. What are the prime factors of (35/a - 2/(-8)) + y?
197
Let r(c) = -23*c + 41 + 12*c + 15*c. What are the prime factors of r(-8)?
3
Let s be (-375)/10*(-4)/(-6). Let i(y) = -y**3 - 24*y**2 + 25*y + 3. Let v be i(s). What are the prime factors of 61/(6/v - 1)?
61
Suppose 3*j = 5*q - 12, 6 = -4*q + 7*q - 3*j. Suppose 8*i - 7*i + 4*o = 660, -3*i = -q*o - 1950. What are the prime factors of i?
2, 163
Let o(j) be the third derivative of 0*j - 1/30*j**5 + 1/3*j**3 + 1/24*j**4 - 2/15*j**6 + 0 - 13*j**2. What are the prime factors of o(-2)?
2, 3, 5
Let v(j) = -j**3 + 34*j**2 - 117*j + 122. List the prime factors of v(21).
2, 1699
Let f(o) = 20*o + 3. Let y be f(2). Let i = y + -34. List the prime factors of 12/i*-3 + 57.
53
Suppose 233*l + 132167 = 2521116. What are the prime factors of l?
10253
Let r be -6*2/(-2) + (1 - 0). Let m = 13 - r. What are the prime factors of 1572/78 - (-1)/((-39)/m)?
2, 5
Let i(o) = -o**3 - o**2 + 4*o + 4. Let g be i(-2). Let a be (0 - g/2)/((-18)/(-9)). Suppose -32 = -a*b - 2*b. List the prime factors of b.
2
Let a(d) = -8*d - 131. Let j be a(-33). Let r be 474/(-8) + 2/8. Let n = r + j. List the prime factors of n.
2, 37
Let r(i) be the second derivative of 23*i**4/12 - 5*i**3 + 7*i**2/2 + 27*i + 1. What are the prime factors of r(10)?
3, 223
Let d = 83499 + -13118. What are the prime factors of d?
70381
Suppose 3*b = 4*h + 6213, -2*b + h + 2*h + 4142 = 0. Let z = b + -1321. List the prime factors of z.
2, 3, 5
What are the prime factors of (-7 + 14)/(11/83347)?
7, 7577
Let f be 4/(-10) + 9/(-30)*662. Let p = f + 45. Let t = p + 322. List the prime factors of t.
2, 3, 7
Let k = 4246 + -1953. List the prime factors of k.
2293
Let j(a) = 28*a + 47. Let b be j(15). Let t = 753 - b. List the prime factors of t.
2, 11, 13
Suppose b = 5*p + 6457, 25990 = 4*b + 8*p - 10*p. What are the prime factors of b?
2, 3251
List the prime factors of (10800/81 + -6)*(-594)/(-2).
2, 3, 11, 191
Suppose 0 = -255*t + 319*t - 36736. List the prime factors of t.
2, 7, 41
Suppose -p = 2*k + 9, 4*p - p - 2*k + 27 = 0. Let b = 46 - p. Suppose -5*u - 5*j + 3*j = -77, -b = -3*u + j. What are the prime factors of u?
17
Suppose 0 = 3*d + 2 - 11, -3*u = 2*d - 3. Let x(i) = -1096*i - 13. What are the prime factors of x(u)?
3, 19
Let n(j) = 3*j**3 - 10*j + 13. Let m be n(8). Suppose d - 2*y + 40 = 533, 0 = -3*d + y + m. What are the prime factors of d?
3, 163
Suppose -38 - 74 = -4*d + n, 2*n = -d + 19. Suppose -17*f - 8230 = -d*f. What are the prime factors of f?
823
Suppose -4047 + 14296 = 4*k - 5*a, k + 4*a - 2536 = 0. What are the prime factors of k?
2, 3, 71
Let h(m) = m**3 + 13*m**2 + 42*m + 4. Let s be h(-7). Suppose -2*b = -w - s*b + 1603, -2*w - 2*b = -3210. What are the prime factors of w?
1607
Suppose 5*f = -9*h + 625271, -7*h + 4*h = 4*f - 208405. List the prime factors of h.
17, 61, 67
Let k = -21462 + 32546. List the prime factors of k.
2, 17, 163
Let l(b) = 17*b**2 - 687*b - 312. What are the prime factors of l(85)?
2, 32059
Suppose 18816 = 5*n + 4*x, -n + 4233 = x + 469. List the prime factors of n.
2, 5, 47
What are the prime factors of -1 + (4 - -3) - (-336 + -3)?
3, 5, 23
Let f = -127 + 134. Suppose -f*y - y + 2896 = 0. What are the prime factors of y?
2, 181
Let o(d) = 517*d**2 + 70*d + 606. What are the prime factors of o(-9)?
3, 7, 1993
